- (25 + (-8 - (0 + -3 - 3)))?
-22
42 - (-27 + (34 - -2)) - (1 + -1)
33
19 + (-17 - 3 - -23)
22
What is the value of 2 - (-8 - 9) - 33?
-14
Calculate -8 - (-7 + 7 + 8 + 0 - 5).
-11
What is the value of (-5 - 27) + (1 - -19)?
-12
What is the value of 8 + -6 - (0 + 18)?
-16
5 - (-9 + 2) - (0 + 11 + -18)
19
Evaluate (1 - 3 - (10 + 0 - 8)) + 1.
-3
What is (-8 + (0 - 0) + 0 - -4) + 21?
17
What is the value of -2 + 0 - (38 - 44)?
4
What is (0 - 0 - (13 - 4 - -2)) + 0?
-11
What is the value of -6 + 11 + (8 - (5 + 8))?
0
(-736 - -742) + (3 - 0 - (36 - 1))
-26
What is -16 + (16 - 23) + -10 + -1?
-34
Evaluate -1 - (-5 + (-2 - (14 - (3 + 5)))).
12
4 + 2 - -5 - 7 - (9 + -6)
1
What is the value of (-76 + 66 - -19) + -14 + -1?
-6
Evaluate 19 - (-13 + 0 - -21).
11
Calculate 20 - 7 - (8 + 0).
5
(-9 + 11 - -10) + -9
3
Calculate -15 + (0 - 8 - (-42 + 35)).
-16
Evaluate (9 - 7 - -10) + -9 - (5 - -1).
-3
What is -12 + (16 - 4 - -4) + -10?
-6
75 + -48 + -8 + 5
24
What is the value of -3 + -1 + (836 - 832)?
0
Calculate 126 - 97 - (3 + 19).
7
Calculate -1 + -34 + 341 + -276.
30
What is -5 - -6 - 0 - 23?
-22
What is the value of (-2 - 18) + -5 + -1 + 11?
-15
Calculate -2 - ((3 - -8) + 10).
-23
What is 10 + -12 + 2 + 1?
1
Calculate (-11 - -4) + -16 + 5 + 3 + 4.
-11
Evaluate 3 - ((-2 - 10) + 13).
2
What is -3 + -7 + 3 - -3 - -3?
-1
Evaluate -42 + 14 + -16 + 20.
-24
What is the value of -375 - -387 - (4 + (-4 - -39))?
-27
Evaluate -24 + 8 + 14 - (14 + 3).
-19
What is the value of (105 - 126) + 1 + 10 + -3?
-13
-19 + 16 + -9 - -15
3
What is -22 + 25 - 18 - (-20 + 3)?
2
Calculate -1 + 3 - (7 - 4) - 9.
-10
6 - ((-6 - (-5 - 3)) + 4 + 9)
-9
(7 - 2) + 636 + -633
8
Evaluate -23 + (2 - 13 - (-16 - (-12 + -2))).
-32
What is (6 - 2) + (3 - (-18 - -16))?
9
What is the value of -5 + -3 + 6 + 5 - (-15 + 2)?
16
Evaluate (296 + -250 - (1 + -2 - 2)) + -9.
40
Evaluate 36 - 29 - (7 + -8).
8
Calculate 7 + (-6 - -2) + -7 + 8 - 11.
-7
What is the value of -7 + (-18 - ((6 - 21) + (-4 - -12)))?
-18
What is the value of 1 + -2 + 9 + -10 + 4 - 5?
-3
What is the value of 12 - -2 - (-25 - (-38 - -17))?
18
Calculate -6 + ((-1 - -3) + 2 - (34 + -36)).
0
What is -1 - (-6 + (9 - -8) - (3 - 3))?
-12
Calculate 21 - (15 - 8 - (2 - 4)).
12
Calculate (9 - (3 + -2)) + (200 - 190).
18
What is 5 - 1 - (-162 + 181)?
-15
-26 + 1 + (1393 - 1350)
18
Evaluate 2 + (-34 - -11 - -27).
6
What is -1 + (-13 - (-4 - 1)) + 17 + 8?
16
Evaluate 0 + 5 - (108 + -72 - (15 + 2)).
-14
What is (302 - 299) + 20 + -1 + 6?
28
-8 - (-11 - (0 + -1))
2
Calculate (-15 - (2 + -4)) + 22.
9
What is -40 - 2 - (28 + (-68 - -28))?
-30
What is the value of -1 - 9 - (527 - 525) - (1 + -23)?
10
What is 25 - 11 - (35 + -11)?
-10
What is the value of 21 + (-2 - 10) + -3 + (-1 - -1)?
6
Calculate (3 - (1 + 2)) + 3 + -52 + 58.
9
Evaluate (-102 - -114) + -1 + -1.
10
-7 + -21 + 40 + (7 - 0)
19
What is 19 - 68 - -19 - (-2 - 7)?
-21
Evaluate -4 - ((-5 - -1) + 22).
-22
What is the value of (2 - 1 - -1) + -5 - (-1 + 5)?
-7
(15 - -1) + -27 + 7 + 4
0
Evaluate 2 - (19 + -17 + -6).
6
What is (13 - (7 - -18)) + (2 - -9)?
-1
What is 74 - 85 - (0 - 13)?
2
Evaluate -7 + 8 + 6 + -14.
-7
What is -22 - (10 - (22 + -15))?
-25
Calculate 18 - 10 - 1 - (28 - 8).
-13
What is the value of -5 + 7 + (38 - 22)?
18
What is 0 + 13 + 1 + 1050 + -1061?
3
Calculate (-4 - -14 - 4) + -24 + (22 - 1).
3
-11 + 6 + 5 + 4 + -3
1
Calculate (-6 - -12 - (2 - -1)) + -4 + -12.
-13
Calculate 0 - 0 - (4 + 10) - -4.
-10
What is the value of (-9 - -1) + -33 + 32 + 19?
10
What is the value of 7 - 2 - (-44 + 43 - (0 + 1))?
7
What is 7 + (35 + -28 - (1 + 4))?
9
2 - (6 + 5 - (18 - -4))
13
Calculate 4 + (-6 - (2 - 2)) - (-2 + -4).
4
-4 - ((6 + -4 + -6 - 4) + 3)
1
What is the value of (0 - (47 + -35)) + (2 - 11)?
-21
Calculate 45 + -65 + 29 - (2 + -17).
24
What is -32 + -39 + 70 + 3?
2
What is the value of -8 - (-11 - ((0 - 2) + -4))?
-3
What is the value of 3 + 25 - ((26 - 29) + -6)?
37
What is the value of 3 + (0 - 1) + -3 + -10?
-11
Calculate -7 + 4 + -5 + 13 + -5.
0
Evaluate (-3 - (12 - 21)) + 5 + -6.
5
What is the value of 15 + (-13 - -11) + -11?
2
What is the value of -42 - -44 - (7 + -3 + -11 + 5)?
4
What is (4 - 11) + (-22 - -13 - -32)?
16
-45 + (-5 - -46) - (0 + 0 - 0)
-4
(10 - -36) + -20 - 62
-36
Calculate -20 - -2 - -22 - (-10 - (2 + -2)).
14
26 + (-17 - 4 - -3)
8
(-9 - -5) + 5 - (-22 - -30)
-7
Evaluate (3 - 5 - (3 + -1)) + 0 - 2.
-6
What is the value of 27 - 6 - 14 - ((-1 - -2) + 5)?
1
-15 - (26 + -13 - 33)
5
What is the value of 23 - (0 - (-8 - -3)) - 11?
7
What is the value of -15 + -12 + 18 + 5?
-4
Calculate -14 + (7 + -10 + 8 - -3) - 12.
-18
Calculate 63 - (7 + 17) - (6 - (0 + 0)).
33
(-1 - (11 + 1 - 17)) + 3
7
Calculate (-1 - 4 - 9 - (5 + -9)) + 7.
-3
What is -37 + 40 - 67 - -40?
-24
-29 + 14 + 3 + 2 - 15
-25
Calculate -12 - (3 + 0 + (-11 - -10) - 9).
-5
What is the value of (-10 - -7) + 8 + (4 + -20 - 21)?
-32
What is -9 - (-9 - -2 - -4)?
-6
What is 26 - (-6 - ((0 - -8) + -1 - 9))?
30
Evaluate 2 + (-5 + (-4 - -8) - -11).
12
What is 8 + 8 + 6 + -23?
-1
Evaluate 26 - (-30 + 26 + 13).
17
(-13 - -25) + -21 - (-17 + -1)
9
What is 28 - (11 + (8 - 3))?
12
Evaluate -1 + 1 + -3 - (10 - (8 - -19)).
14
Calculate (35 - 6) + -117 + 103.
15
Calculate (12 + (-14 - -4) - (-9 + 2)) + -5.
4
What is the value of (-11 - (12 - 16)) + -10?
-17
Evaluate (-32 - (15 + -39 - -17)) + -7.
-32
(1 - -8) + -21 + (6 - -6 - -3)
3
Evaluate -4 + (1 - -9) + 161 + -176.
-9
What is the value of 7 - -12 - (4 - (-3 + 3))?
15
Calculate (2 - (-11 + -6)) + -48 + 2.
-27
Evaluate -10 - 20 - -10 - -8.
-12
-18 - -34 - 6 - -3
13
What is the value of 3 + (3 - -1) + -7 + -7?
-7
What is 26 + -23 + 1 + (4 - 17)?
-9
Evaluate 14 - 21 - ((-10 - -4) + -1) - 3.
-3
What is -26 - (-10 + 0 + 4 + 2 + 15)?
-37
What is (39 - 1) + -13 + 10?
35
6 + (3 - 7) + (7 - 6) - 13
-10
What is the value of 10 - (32 - (22 + -7))?
-7
What is the value of -17 - 8 - -1 - (-5 - 1)?
-18
What is 54 - 9 - 46 - (-1 + -9)?
9
What is the value of 32 + (47 - 63) - (2 + 1)?
13
What is the value of -1 + 0 - (-228 + 216) - 19?
-8
What is -7 - ((-9 - (4 + -9)) + (1 - -2))?
-6
Evaluate 7 + (5 - 15 - (-4 - -6)).
-5
Calculate 2 - (-3 - (-14 - -6 - 7)) - -6.
-4
Evaluate (-3 - (-7 + 9)) + (36 - (10 + -5)).
26
What is the value of 2 - (5 + (9 - (4 + 2)))?
-6
Calculate 8 - (14 + -7 + -3) - (0 + -4).
8
Calculate -3 + (-2 - -7 - -6).
8
Calculate -8 + 3 - (-442 + 436).
1
What is -11 + (-9 - -11) - 8 - (-5 + 4)?
-16
What is the value of (-32 - (-13 + -12)) + 28?
21
Calculate 6 + -6 + (7 - -3).
10
What is the value of (-1 - -1) + (236 - 237) + 19?
18
Calculate 7 + (3 + 1 + -23 + 18 - 4).
2
Evaluate (-14 - -17) + 4 - 25.
-18
Evaluate 7 - 22 - -8 - (5 - 4).
-8
4 + -13 - (7 + (-3 - 0))
-13
Evaluate -2 + 29 + -57 + 43.
13
-2 + (-3 + 9 - 7) + -7
-10
Calculate -54 + 12 + 26 + 33.
17
-10 + 12 + 2 + -7 + (5 - 6)
-4
Calculate -28 - (-8 + (32 - 66)).
14
What is 64 - (90 + -42 + -6)?
22
3 + -9 + (-20 - -34)
8
What is 3 + 9 + -28 + 5 + 5?
-6
-14 + 13 - (5 + (-6 - -1))
-1
What is the value of 7 + (-13 - -15) + 5 + 1 + 5?
20
Calculate 18 + -35 + (36 - 36).
-17
What is the value of (4 - 16 - (13 - 22)) + (2 - 27)?
-28
Calculate 10 + (-19 - 8) + -3.
-20
What is the value of 0 - 9 - (20 + 49 + -86)?
8
What is the value of 15 - (-152 + 169 - (23 + 1))?
22
6 - 2 - (-81 + 87)
-2
7 + -7 + (-1 - -11)
10
(-9 - -1) + (10 - (37 + -8))
-27
Calculate 3 - (29 + -20 + 1 + 3).
-10
Calculate 12 + (30 - (5 + 20)).
17
Evaluate (-23 - 0) + (-83 - (-122 - -23)).
-7
338 + -361 - (-44 + -2)
23
Calculate -11 - (-24 + -10 + 10).
13
Calculate 5 + (-27 - 1) + 32 + (4 - 1).
12
Evaluate -6 + (-11 + -14 + 13 - -4).
-14
Calculate 3 + (0 - -3) - (-6 - (7 + -17)).
2
What is 12 + 12 + (-35 - -36)?
25
Evaluate (-4 - (3 - 7)) + (10 + -6 - 5).
-1
-11 + 6 + 8 + 2 - (40 - 38)
3
38 + 1 + 44 + -22 + -39
22
Calculate 0 + 10 + -16 + -7.
-13
3 + 0 + -40 - (37 + -54 + 7)
-27
What is the value of -7 - (9 - 10 - (-16 + 14) - -11)?
-19
What is the value of (-1 - 39) + (-314 - -353)?
-1
Calculate 33 + (10 + -4 - (9 + 0) - 7).
23
What is the value of 15 + 29 + -57 - ((2 - 3) + -1)?
-11
Calculate 64 + -17 - 22 - (-3 - 0) - 7.
21
22 + -47 + 56 - 17
14
What is the value of (-6 + 5 - 2) + -30 + 49?
16
-5 + 23 + -13 - 14
-9
(-19 - -11) + -2 + (4 - (